 242863 a composite number?
False
Is 6136571 a composite number?
True
Is 24842 a prime number?
False
Is 212137 a prime number?
False
Is 7753 a prime number?
True
Is 4281 a prime number?
False
Is 7463 prime?
False
Is 30757 a composite number?
False
Is 15053 a prime number?
True
Is 3590291 a prime number?
True
Is 69181 composite?
True
Is 12349 a composite number?
True
Is 389651 a composite number?
False
Is 44449 a composite number?
False
Is 8353 a composite number?
False
Is 604547 a prime number?
True
Is 16001 a prime number?
True
Is 378487 a prime number?
False
Is 23549 a composite number?
False
Is 6697 a composite number?
True
Is 244207 composite?
True
Is 499 prime?
True
Is 9182 a composite number?
True
Is 195067 composite?
True
Is 71761 composite?
False
Is 12523 a composite number?
True
Is 273961 a prime number?
False
Is 85511 a prime number?
False
Is 104119 a composite number?
False
Is 310693 prime?
True
Is 11311 prime?
True
Is 1584971 a prime number?
True
Is 700265 a prime number?
False
Is 45007 a prime number?
True
Is 16217 a prime number?
True
Is 10581 a prime number?
False
Is 1314359 prime?
True
Is 174487 a prime number?
True
Is 49433 prime?
True
Is 157 composite?
False
Is 1036517 a prime number?
False
Is 553657 prime?
False
Is 2436209 a composite number?
False
Is 296669 composite?
False
Is 1511 a prime number?
True
Is 1067 a composite number?
True
Is 129853 a prime number?
True
Is 237203 a composite number?
False
Is 23603 a composite number?
False
Is 1727 a prime number?
False
Is 926293 a prime number?
True
Is 444701 a prime number?
True
Is 323333 a prime number?
True
Is 384106 a composite number?
True
Is 2131771 prime?
True
Is 17539 a composite number?
False
Is 104071 prime?
False
Is 49127 prime?
False
Is 12653 a prime number?
True
Is 287731 a composite number?
False
Is 53471 composite?
True
Is 89255 a composite number?
True
Is 187751 composite?
False
Is 42739 prime?
False
Is 164557 a prime number?
False
Is 204623 a prime number?
True
Is 353011 a prime number?
True
Is 57355 a prime number?
False
Is 331997 composite?
False
Is 1052783 composite?
True
Is 355382 composite?
True
Is 480661 a prime number?
True
Is 6247 a prime number?
True
Is 8367 a prime number?
False
Is 67181 a composite number?
False
Is 11983 prime?
False
Is 139579 a prime number?
False
Is 1757 a prime number?
False
Is 41297 a prime number?
False
Is 16919 a composite number?
True
Is 7727 a composite number?
False
Is 1078151 composite?
False
Is 30106 a composite number?
True
Is 36037 composite?
False
Is 24469 composite?
False
Is 2159 prime?
False
Is 70454 composite?
True
Is 53047 a prime number?
True
Is 500401 composite?
True
Is 42793 a prime number?
True
Is 3433 a prime number?
True
Is 887 composite?
False
Is 145718 prime?
False
Is 5959 a composite number?
True
Is 145711 a prime number?
False
Is 36833 a prime number?
True
Is 129719 composite?
False
Is 163853 composite?
False
Is 41555 a prime number?
False
Is 61001 composite?
False
Is 109579 a composite number?
False
Is 1839 composite?
True
Is 5666 prime?
False
Is 54221 composite?
True
Is 1185161 a composite number?
True
Is 136153 a prime number?
False
Is 383219 prime?
True
Is 4571 composite?
True
Is 14369 composite?
False
Is 113593 prime?
False
Is 705505 a prime number?
False
Is 25421 composite?
True
Is 68261 a prime number?
True
Is 78977 prime?
True
Is 2459 prime?
True
Is 95131 a composite number?
False
Is 231386 a prime number?
False
Is 12059 composite?
True
Is 47167 prime?
False
Is 11213 composite?
False
Is 285097 a prime number?
False
Is 90941 composite?
True
Is 73237 a composite number?
False
Is 14257 composite?
True
Is 13217 prime?
True
Is 60493 a prime number?
True
Is 59005 a composite number?
True
Is 379837 composite?
False
Is 48553 a prime number?
False
Is 682543 a composite number?
True
Is 175829 a prime number?
True
Is 12227 a composite number?
False
Is 242227 prime?
True
Is 2286961 composite?
False
Is 483389 a prime number?
True
Is 13829 prime?
True
Is 104281 a prime number?
True
Is 2213 a prime number?
True
Is 19123 a prime number?
False
Is 70534 a composite number?
True
Is 372535 composite?
True
Is 213911 composite?
True
Is 17071 prime?
False
Is 896559 a composite number?
True
Is 654751 composite?
True
Is 3122783 composite?
True
Is 1861 a composite number?
False
Is 2629 a prime number?
False
Is 4289 a composite number?
False
Is 9727 a prime number?
False
Is 3821 a composite number?
False
Is 575077 prime?
True
Is 3382607 composite?
False
Is 3313 a prime number?
True
Is 227453 a prime number?
True
Is 275963 composite?
False
Is 5623 composite?
False
Is 32539 prime?
False
Is 100447 composite?
False
Is 7477 prime?
True
Is 101807 prime?
True
Is 29239 a composite number?
True
Is 16163 a composite number?
True
Is 236947 prime?
True
Is 62362 a composite number?
True
Is 21542 composite?
True
Is 855035 composite?
True
Is 4441 a prime number?
True
Is 331003 prime?
False
Is 193639 a composite number?
True
Is 643801 prime?
False
Is 299281 composite?
False
Is 572387 prime?
True
Is 252489 prime?
False
Is 75181 a prime number?
True
Is 260171 composite?
False
Is 7069 composite?
False
Is 89 prime?
True
Is 35023 prime?
True
Is 133919 prime?
True
Is 901661 composite?
True
Is 6211 a composite number?
False
Is 5591 a composite number?
False
Is 202049 a prime number?
True
Is 969214 a prime number?
False
Is 34897 composite?
False
Is 165229 a composite number?
False
Is 32111 prime?
False
Is 2220655 prime?
False
Is 18811 composite?
True
Is 4367 a prime number?
False
Is 395849 a prime number?
True
Is 579389 a prime number?
False
Is 6247 a composite number?
False
Is 4189 a composite number?
True
Is 3817 a prime number?
False
Is 2181 a prime number?
False
Is 849 a prime number?
False
Is 846721 a composite number?
False
Is 219169 composite?
False
Is 154015 a composite number?
True
Is 639283 a prime number?
False
Is 10601 prime?
True
Is 72613 a composite number?
False
Is 1763 a composite number?
True
Is 8923 a composite number?
False
Is 1993 prime?
True
Is 261799 a composite number?
False
Is 18455 a prime number?
False
Is 36857 a composite number?
False
Is 8263 prime?
True
Is 9083 a prime number?
False
Is 735529 a composite number?
False
Is 101537 a prime number?
True
Is 153535 a prime number?
False
Is 4459519 prime?
True
Is 329383 a composite number?
True
Is 18181 a composite number?
False
Is 8603 a prime number?
False
Is 2411 a prime number?
True
Is 893006 composite?
True
Is 345623 a composite number?
True
Is 482 prime?
False
Is 662 a composite number?
True
Is 198719 prime?
True
Is 1276181 prime?
False
Is 188137 a prime number?
True
Is 9491 a prime number?
True
Is 16949 composite?
True
Is 891377 a prime number?
True
Is 15679 composite?
False
Is 4911 a composite number?
True
Is 33049 composite?
False
Is 9943 a composite number?
True
Is 76411 a prime number?
False
Is 83717 a prime number?
True
Is 249749 a composite number?
False
Is 3354823 a composite number?
False
Is 2230229 a composite number?
True
Is 574961 prime?
False
Is 7711 composite?
True
Is 8483 prime?
False
Is 427849 prime?
True
Is 88879 a prime number?
False
Is 11463 prime?
False
Is 11797 a prime number?
False
Is 40673 a prime number?
False
Is 2217113 a prime number?
True
Is 18206 a prime number?
False
Is 751 composite?
False
Is 320533 a prime number?
True
Is 6609 prime?
False
Is 183733 a prime number?
False
Is 3697 composite?
False
Is 7993 composite?
False
Is 60185 prime?
False
Is 42487 prime?
True
Is 1901 a composite number?
False
Is 250489 prime?
True
Is 479 a composite number?
False
Is 62617 composite?
False
Is 3793 prime?
True
Is 477131 prime?
True
Is 140053 prime?
True
Is 55135 a prime number?
False
Is 42797 prime?
True
Is 21005 composite?
True
Is 1831645 a prime number?
False
Is 72445 a composite number?
True
Is 16477 composite?
False
Is 13063 composite?
False
Is 30293 a prime number?
True
Is 2767 a composite number?
False
Is 161905 prime?
False
Is 5381 prime?
True
Is 132329 composite?
False
Is 593911 composite?
True
Is 351887 a composite number?
False
Is 8261 a composite number?
True
Is 45777 prime?
False
Is 12959 a composite number?
False
Is 227719 prime?
True
Is 588349 prime?
False
Is 491819 a prime number?
True
Is 264351 prime?
False
Is 277433 composite?
True
Is 1